(166)?
-5
Let x(l) = l**2 - 169*l + 332. Determine x(2).
-2
Let i(x) = -x**3 + 3*x**2 + 11*x + 53. Calculate i(6).
11
Let f(i) = i**3 + 68*i**2 - 371*i - 505. Determine f(-73).
-67
Let t(b) = 3*b**3 - 1076*b**2 + 717*b - 356. Calculate t(358).
2
Let c(f) = 10*f**2 + 80*f + 154. Calculate c(-2).
34
Let y(a) = 25*a**2 + 21*a - 2. Give y(-2).
56
Let w(f) = 18*f + 514. Determine w(-18).
190
Let r(q) = -q**3 + 6*q**2 - 35*q + 115. Calculate r(3).
37
Let t(w) = -5*w**2 - 121*w - 643. Give t(-17).
-31
Let i(w) = 2*w**3 - 44*w**2 - 22*w + 126. Give i(23).
678
Let a(w) = w**3 - 14*w**2 - 203*w - 64. Calculate a(23).
28
Let x(t) = -6*t**3 + 5*t**2 - 14*t + 7. Determine x(1).
-8
Let a(u) = -450*u + 3143. Give a(7).
-7
Let l(a) = a**3 + 19*a**2 + 10*a - 34. Determine l(-18).
110
Let n(f) = -684*f + 26664. Give n(39).
-12
Let l(a) = -37*a**2 - 79*a - 19. Give l(-2).
-9
Let u(t) = t**3 - 15*t**2 - t + 33. What is u(15)?
18
Let p(x) = 6*x + 188. Give p(-35).
-22
Let q(l) = l**2 + 11*l + 75. Give q(-20).
255
Let m(l) = l**2 + 34*l + 24. What is m(-13)?
-249
Let y(c) = 3*c**2 - 140*c - 132. Determine y(-1).
11
Let w(v) = -95*v - 3925. Give w(-39).
-220
Let f(p) = -68*p - 846. Determine f(-16).
242
Let s(u) = 3*u**2 - 65*u + 16. Determine s(21).
-26
Let d(q) = 9*q - 256. Calculate d(32).
32
Let q(p) = -2*p**2 + 26*p - 66. Determine q(7).
18
Let l(j) = 3*j**2 + 207*j + 587. Calculate l(-66).
-7
Let f(u) = -3*u**3 + 179*u**2 - 115*u - 255. Determine f(59).
-78
Let h(s) = s**3 - 27*s**2 + 132*s - 131. Give h(21).
-5
Let c(y) = 2*y**2 + 50*y - 246. Calculate c(-29).
-14
Let g(s) = -s**3 - 9*s**2 - 59*s - 1091. Calculate g(-12).
49
Let f(u) = u**2 - 855*u - 6910. What is f(-8)?
-6
Let m(l) = -105*l + 2110. Calculate m(20).
10
Let u(n) = 13713*n + 123415. Calculate u(-9).
-2
Let b(o) = o**2 - 121*o - 4. Give b(121).
-4
Let j(p) = -2*p**3 + 69*p**2 - 455*p + 5. What is j(9)?
41
Let u(h) = -h**2 - 5*h + 14. Give u(7).
-70
Let a(g) = 4124*g + 86613. Calculate a(-21).
9
Let u(k) = -9*k**2 + 137*k + 76. Calculate u(16).
-36
Let l(n) = n**2 + 6*n - 134. Calculate l(-15).
1
Let x(o) = -3*o + 3. Calculate x(2).
-3
Let m(f) = -5*f - 219. Determine m(-21).
-114
Let n(g) = -235*g + 7274. Give n(31).
-11
Let n(u) = 245*u + 19051. Calculate n(-78).
-59
Let d(m) = 25*m**2 + 228*m - 4. Determine d(-9).
-31
Let p(k) = 3*k**2 - 2*k - 589. Give p(14).
-29
Let h(n) = n**3 - 9*n**2 + 26*n - 77. Determine h(5).
-47
Let h(f) = f**2 + 12*f - 1775. Determine h(-49).
38
Let x(v) = -v**3 - v**2 + 24*v - 12. Calculate x(4).
4
Let d(g) = g**3 + 8*g**2 - 24*g - 153. Give d(-8).
39
Let z(y) = -69*y**2 + y + 37. Calculate z(0).
37
Let t(v) = v**2 - 161*v + 279. Calculate t(0).
279
Let t(g) = 61*g - 667. Calculate t(12).
65
Let d(r) = r**3 - 23*r**2 + 22*r - 465. What is d(23)?
41
Let j(s) = -4*s**2 - 8*s + 26. Give j(2).
-6
Let n(g) = 5*g**2 + 302*g + 837. Determine n(-3).
-24
Let g(o) = -o**2 + 9*o + 243. What is g(20)?
23
Let r(m) = 2*m**2 - 5*m + 22. Calculate r(3).
25
Let m(l) = l**2 + 45*l + 284. Calculate m(-37).
-12
Let z(b) = b**3 - 26*b**2 - 168*b + 150. What is z(-6)?
6
Let c(p) = 36*p**2 + 8*p - 9. Determine c(1).
35
Let m(n) = 6*n**3 + 68*n**2 - 207*n - 2. What is m(3)?
151
Let b(m) = 769*m + 4599. What is b(-6)?
-15
Let s(u) = -220*u - 1571. Determine s(-6).
-251
Let v(c) = -72*c + 3057. Determine v(43).
-39
Let m(h) = -h**2 - 15*h - 60. What is m(-7)?
-4
Let p(t) = -t**3 - 12*t**2 - 38*t - 10. Give p(-7).
11
Let z(j) = -j**2 - 6*j + 932. What is z(26)?
100
Let s(a) = -2*a**3 - 8*a**2 + 7*a + 7. What is s(-3)?
-32
Let c(g) = 7*g**2 - 220*g - 99. Give c(0).
-99
Let c(v) = -v**3 + 83*v**2 + 1359*v - 47. Calculate c(97).
50
Let x(i) = -283*i - 628. Calculate x(-3).
221
Let r(w) = -w**3 + 64*w**2 + 228*w - 14589. Give r(64).
3
Let n(r) = r**2 + 16*r - 173. What is n(-22)?
-41
Let h(s) = s**3 + 45*s**2 - 1472*s - 11. Give h(22).
33
Let b(c) = c**2 + 40*c + 161. Calculate b(-36).
17
Let f(j) = j**3 - 13*j**2 + 36*j + 7. Calculate f(9).
7
Let c(x) = 1911*x - 30600. Determine c(16).
-24
Let w(h) = -3*h - 250. Calculate w(-87).
11
Let o(z) = z**3 + 12*z**2 - 5*z + 338. Give o(-14).
16
Let l(m) = 4209*m + 29460. Give l(-7).
-3
Let m(a) = -a**2 - 205*a - 5. Calculate m(0).
-5
Let j(v) = v**3 - 23*v**2 + 84*v + 68. What is j(18)?
-40
Let t(j) = 21*j + 155. Determine t(-8).
-13
Let b(m) = -106*m + 530. Determine b(5).
0
Let h(l) = -114*l - 592. Give h(-5).
-22
Let u(d) = -d**2 - 84*d - 1738. Calculate u(-44).
22
Let p(o) = -110*o + 4061. Give p(37).
-9
Let v(w) = 93*w + 1113. Calculate v(-11).
90
Let b(o) = -39*o - 6292. What is b(-162)?
26
Let r(z) = -z**2 + 70*z - 809. Give r(55).
16
Let z(j) = -19*j**2 + 10*j - 1. Give z(3).
-142
Let z(k) = k**3 + 119*k**2 + 72*k + 8691. Give z(-119).
123
Let h(a) = 156*a - 4666. Give h(30).
14
Let v(h) = 32*h**2 + h + 1. What is v(-1)?
32
Let w(q) = q**2 - 32*q + 153. What is w(33)?
186
Let u(i) = -88*i + 2421. Give u(28).
-43
Let z(t) = -t**2 - 376*t + 1443. Give z(4).
-77
Let i(f) = 2*f - 427. What is i(-38)?
-503
Let o(d) = -d**3 - 8*d**2 + 9*d + 53. Calculate o(-8).
-19
Let j(c) = -40*c - 284. What is j(-5)?
-84
Let s(d) = d**3 + 10*d**2 + 10*d + 100. Calculate s(-10).
0
Let a(m) = -7*m - 236. What is a(-32)?
-12
Let n(u) = -u**2 - 139*u + 40. What is n(0)?
40
Let v(j) = -42*j + 47. Give v(0).
47
Let b(t) = -643*t - 8997. Give b(-14).
5
Let o(r) = 27275*r - 54555. Determine o(2).
-5
Let a(v) = -14*v - 217. Give a(-24).
119
Let k(a) = 235*a + 539. Give k(-4).
-401
Let j(b) = 191*b**2 - 947*b - 49. What is j(5)?
-9
Let o(d) = -d**3 + 15*d**2 + 456*d - 211. Determine o(30).
-31
Let g(t) = -t**3 - 17*t**2 + 37*t + 89. Calculate g(-18).
-253
Let f(m) = 62*m - 9423. Determine f(152).
1
Let o(l) = -30*l**2 - 482*l + 18. Calculate o(-16).
50
Let t(k) = -k**3 - 31*k**2 - 61*k - 103. What is t(-29)?
-16
Let t(g) = g**3 + 15*g**2 - 29*g - 596. Give t(-14).
6
Let b(n) = -3*n**3 - 120*n**2 - 135*n - 707. Determine b(-39).
-5
Let r(b) = -4*b**3 + b**2 - 43*b - 182. Give r(-4).
262
Let n(d) = -d**3 + 24*d**2 - 77*d + 32. Calculate n(20).
92
Let t(b) = b**2 - 17*b + 5. Determine t(17).
5
Let i(r) = 290*r - 11611. Determine i(40).
-11
Let u(d) = 1074*d + 8666. Determine u(-8).
74
Let h(u) = -35*u + 1740. What is h(55)?
-185
Let b(j) = -j**3 + 113*j**2 - 377*j - 6418. Calculate b(109).
13
Let a(h) = 14*h**2 - 48*h - 76. Determine a(4).
-44
Let s(k) = 5*k - 34. Calculate s(8).
6
Let o(u) = 4*u**3 - 31*u**2 - 4*u + 56. Determine o(8).
88
Let i(h) = -4*h**2 - 11*h + 83. What is i(-7)?
-36
Let l(o) = -2*o + 11. What is l(32)?
-53
Let d(c) = 4*c**2 - c - 14. Give d(6).
124
Let t(i) = -i**3 + 13*i**2 + 144*i - 87. Calculate t(20).
-7
Let x(s) = 112*s - 10866. Give x(97).
-2
Let w(h) = 7*h + 3. Determine w(-5).
-32
Let l(u) = 2*u**3 - 4*u**2 + 2*u - 6. What is l(5)?
154
Let o(t) = t**2 + 210*t + 9337. Determine o(-146).
-7
Let f(y) = -y**3 + 42*y**2 - 392*y + 7. Determine f(14).
7
Let m(d) = 3*d**3 - 334*d**2 - 225*d + 108. What is m(112)?
-4
Let i(s) = s**2 + 9*s - 417. What is i(-25)?
-17
Let o(d) = -d**3 + 17*d**2 - 41*d + 17. Give o(14).
31
Let x(s) = 60*s**3 + s**2 - 2*s + 2. Give x(1).
61
Let q(h) = -h**2 - 9*h + 38. Determine q(3).
2
Let t(w) = 19*w**2 - 405*w + 1805. What is t(15)?
5
Let g(m) = 247*m**2 - 79*m + 81. Give g(1).
249
Let g(u) = -u**3 + 4*u**2 + 21*u - 58. Determine g(6).
-4
Let z(s) = -3*s**3 + 3*s**2 - 4*s + 1. Give z(1).
-3
Let k(s) = 184*s + 163. Determine k(-6).
-941
Let p(z) = -40*z - 37. What is p(-14)?
523
Let c(l) = -467*l + 22894. Give c(49).
11
Let t(s) = -4*s**3 + 83*s**2 - 63*s - 3. What is t(20)?
-63
Let b(a) = -2510*a + 7509. Calculate b(3).
-21
Let n(a) = -4*a**3 + 26*a**2 - 10*a - 5. What is n(6)?
7
Let m(h) = h**3 - 9*h**2 + 10*h - 6. Give m(9).
84
Let y(j) = -424*j - 17798. What is y(-42)?
10
Let g(d) = d**3 - 41*d**2 + 19*d + 873. Calculate g(40).
33
Let s(d) = d**3 - d**2 - 369*d - 225. Calculate s(20).
-5
Let d(g) = -33*g - 209. What is d(-8)?
55
Let w(b) = 1101*b + 3297. Determine w(-3).
-6
Let b(d) = -13*d**3 + 9*d**2 - 21*d + 5. Calculate b(2).
-105
Let b(k) = -2*k**3 + 48*k**2 - 34*k - 333. Give b(23).
-57
Let x(t) = t**3 + 7*t**2 - 554*t + 279. What is x(20)?
-1
Let b(w) = -390*w**2 - 780*w + 12. What is b(-2)?
12
Let l(t) = -t*